{"id":13,"date":"2025-02-19T12:02:33","date_gmt":"2025-02-19T12:02:33","guid":{"rendered":"http:\/\/diekseelauf.de\/neu\/?page_id=13"},"modified":"2025-10-23T16:56:02","modified_gmt":"2025-10-23T16:56:02","slug":"ausschreibung","status":"publish","type":"page","link":"https:\/\/www.diekseelauf.de\/?page_id=13","title":{"rendered":"Ausschreibung"},"content":{"rendered":"\n<p class=\"has-text-align-center has-vivid-red-color has-text-color has-link-color has-large-font-size wp-elements-3c89a6705548f6523f4e21acf03aa2a2\"><strong>21. Sparkassen-Diekseelauf<\/strong><\/p>\n\n\n\n<p class=\"has-text-align-center has-text-color has-link-color has-large-font-size wp-elements-2ceef548454773d5296b30e690796801\" style=\"color:#2a07e3\"><strong>Sonntag, 09.August 2026<\/strong><\/p>\n\n\n\n<p><\/p>\n\n\n\n<p class=\"has-text-color has-link-color wp-elements-68de6e2dda27c3ff1b77b1c3c1e97b5a\" style=\"color:#2310e0;font-size:20px\"><strong>Strecken<\/strong>:<\/p>\n\n\n\n<div class=\"wp-block-group\"><div class=\"wp-block-group__inner-container is-layout-constrained wp-block-group-is-layout-constrained\">\n<div class=\"wp-block-group is-vertical is-layout-flex wp-container-core-group-is-layout-8cf370e7 wp-block-group-is-layout-flex\">\n<p>Start- \/ Zielbereich: Malenter Diekseepromenade<\/p>\n\n\n\n<ul class=\"wp-block-list\">\n<li>Diekseelauf (11,5 km, auch Wandern, Walking):                                                                                                                      Gegen den Uhrzeigersinn um den Dieksee herum \u00fcber Hafkamp, Timmdorf und Niederkleveez durch den Holm entlang der Spiegelteiche zur\u00fcck zur Diekseepromenade.<\/li>\n\n\n\n<li>Jedermannlauf (6 km): Durch den Holm zum entsprechenden Umkehrpunkt<\/li>\n\n\n\n<li>Kinderlauf (1,5 km): Auf der Diekseepromenade bis zum Eingang in den Holm und zur\u00fcck.<\/li>\n<\/ul>\n<\/div>\n<\/div><\/div>\n\n\n\n<p class=\"has-text-color has-link-color has-medium-font-size wp-elements-c48c6ca76f962df46c7b3b490f52bbdc\" style=\"color:#4910e4\"><strong>Zeitplan<\/strong>:<\/p>\n\n\n\n<div class=\"wp-block-group is-vertical is-layout-flex wp-container-core-group-is-layout-8cf370e7 wp-block-group-is-layout-flex\">\n<p>Ab 8:30 Uhr Ausgabe der Startunterlagen<\/p>\n\n\n\n<ul class=\"wp-block-list\">\n<li>9:30 Uhr Start Walking \/ Wandern (11,5 km) Ende Nachmeldungen<\/li>\n\n\n\n<li>10:00 Uhr Start Diekseelauf (11,5 km)<\/li>\n\n\n\n<li>10:05 Uhr Start Jedermannlauf (6 km)<\/li>\n\n\n\n<li>10:10 Uhr Start Kinderlauf (1,5 km)<\/li>\n<\/ul>\n\n\n\n<p>Ab 12:30 Uhr Siegerehrungen<\/p>\n<\/div>\n\n\n\n<p class=\"has-text-color has-link-color has-medium-font-size wp-elements-0e3335f1ca9207f525cd447c5ea006ee\" style=\"color:#3514e5\"><strong>Wertung<\/strong>:<\/p>\n\n\n\n<div class=\"wp-block-group is-vertical is-layout-flex wp-container-core-group-is-layout-8cf370e7 wp-block-group-is-layout-flex\">\n<p>Walking\/Wandern, Jedermannlauf, Kinderlauf werden als Gesamtliste, getrennt nach m\u00e4nnlichen und weiblichen Teilnehmern gewertet.<\/p>\n\n\n\n<p>Diekseelauf (11,5 km): Altersklassen nach DLV-Vorgaben und Gesamtwertung<\/p>\n\n\n\n<p>Eine Wertung ist nur m\u00f6glich, wenn die Startnummer vorne sichtbar ist.<\/p>\n<\/div>\n\n\n\n<p class=\"has-text-color has-link-color has-medium-font-size wp-elements-dcea73a7f0475ac70b61f719c82de48f\" style=\"color:#2613df\"><strong>Zeitmessung<\/strong>:<\/p>\n\n\n\n<div class=\"wp-block-group is-vertical is-layout-flex wp-container-core-group-is-layout-8cf370e7 wp-block-group-is-layout-flex\">\n<p>Die Zeitmessung erfolgt mittels Startnummer, in der ein Transponder eingearbeitet ist.<\/p>\n\n\n\n<p>Am Start und im Ziel laufen die Teilnehmenden \u00fcber eine Matte, wodurch Zeit und Startnummer registriert werden.                 Es m\u00fcssen keine Hindernisse wie Tore o.\u00e4. durchlaufen werden. Im Transponder sind keine pers\u00f6nlichen Daten gespeichert.<\/p>\n<\/div>\n\n\n\n<p class=\"has-text-color has-link-color has-medium-font-size wp-elements-6193fe5e56209e1729d7b35aa597b3d1\" style=\"color:#1915da\"><strong>Auszeichnungen<\/strong>:<\/p>\n\n\n\n<div class=\"wp-block-group is-vertical is-layout-flex wp-container-core-group-is-layout-8cf370e7 wp-block-group-is-layout-flex\">\n<ul class=\"wp-block-list\">\n<li>Kinderlauf: Urkunde f\u00fcr jedes teilnehmende Kind<\/li>\n\n\n\n<li>Walking\/Wandern\/Jedermannlauf: Urkunden und Preise f\u00fcr die ersten drei weibl.\/m\u00e4nnl. Teilnehmer<\/li>\n\n\n\n<li>Diekseelauf: Preise und Urkunden f\u00fcr die ersten drei der weibl.\/m\u00e4nnl. Gesamtwertung und die Klassensieger\/innen.<\/li>\n<\/ul>\n\n\n\n<p>Ergebnisse: Nach der Veranstaltung unter www.diekseelauf.de.<\/p>\n\n\n\n<p>Dort k\u00f6nnen auch Urkunden ausgedruckt werden. Bei Adresshinterlegung im Ziel k\u00f6nnen die Ergebnisliste und Urkunde gegen Kosten\u00fcbernahme zugeschickt werden.<\/p>\n<\/div>\n\n\n\n<p class=\"has-text-color has-link-color has-medium-font-size wp-elements-24386469bfec97063768d9c5bd0415c7\" style=\"color:#3918e5\"><strong>Sonstiges<\/strong>:<\/p>\n\n\n\n<div class=\"wp-block-group is-vertical is-layout-flex wp-container-core-group-is-layout-8cf370e7 wp-block-group-is-layout-flex\">\n<div class=\"wp-block-group is-vertical is-layout-flex wp-container-core-group-is-layout-8cf370e7 wp-block-group-is-layout-flex\">\n<p>Getr\u00e4nke und Bananen im Zielbereich. Einen Getr\u00e4nkeposten gibt es nach 5,5 km in Timmdorf.<\/p>\n\n\n\n<p>Toiletten und Umkleidezelt im Start-\/Zielbereich. Eine Duschm\u00f6glichkeit gibt es im Sport- und<\/p>\n\n\n\n<p>Bildungszentrum, Eutiner Stra\u00dfe 45. Ein Sanit\u00e4tsdienst vor Ort ist vorhanden.<\/p>\n<\/div>\n<\/div>\n\n\n\n<p class=\"has-text-color has-link-color has-medium-font-size wp-elements-8fe26b04acc68e210d00fa9d334742c1\" style=\"color:#1e1aca\"><strong>Haftung<\/strong>: <\/p>\n\n\n\n<p>Der Veranstalter und die Gemeinde Malente \u00fcbernehmen keine Haftung f\u00fcr Sch\u00e4den\/Verluste jeglicher Art. Nur ausreichend trainierte und gesunde L\u00e4ufer\/innen sollten an den Start gehen. Das Sanit\u00e4tspersonal ist befugt, ggf. Teilnehmende aus dem Wettkampf zu nehmen. Den Anweisungen des Ordnungspersonals ist in jedem Fall Folge zu leisten. Die Teilnehmenden sind mit der Ver\u00f6ffentlichung von Ergebnislisten und Veranstaltungsfotos einverstanden.<\/p>\n\n\n\n<p class=\"has-text-color has-link-color has-medium-font-size wp-elements-fe626d35480de3de438c31e93fe61efb\" style=\"color:#251bcf\"><strong>Veranstalter<\/strong>:<\/p>\n\n\n\n<div class=\"wp-block-group is-vertical is-layout-flex wp-container-core-group-is-layout-8cf370e7 wp-block-group-is-layout-flex\">\n<p>TSV Malente von 1900 e.V. ,Marktstra\u00dfe 13, 23714 Bad Malente-Gremsm\u00fchlen<\/p>\n\n\n\n<p>Tel.: 04523-2611 &#8211; E-Mail: info@tsvmalente.de<\/p>\n<\/div>\n\n\n\n<p class=\"has-text-color has-link-color has-medium-font-size wp-elements-9690e33a7ee9c795c5fe4a8932a7f3c2\" style=\"color:#1929e4\"><strong>Anmeldung<\/strong>:<\/p>\n\n\n\n<div class=\"wp-block-group is-vertical is-layout-flex wp-container-core-group-is-layout-8cf370e7 wp-block-group-is-layout-flex\">\n<p>Online unter <strong>www.diekseelauf.de<\/strong><\/p>\n\n\n\n<p>Meldeschluss ist der 3.8.2026<\/p>\n\n\n\n<p>Nachmeldungen sind bis 30 Minuten vor dem Start m\u00f6glich (zzgl. 4,00 \u20ac Nachmeldegeb\u00fchr)<\/p>\n<\/div>\n\n\n\n<p><\/p>\n\n\n\n<p class=\"has-text-color has-link-color has-medium-font-size wp-elements-b25c14e0cbc8e153e54995373438ccad\" style=\"color:#1214da\"><strong>Startgeb\u00fchren: <\/strong><\/p>\n\n\n\n<div class=\"wp-block-group is-vertical is-layout-flex wp-container-core-group-is-layout-8cf370e7 wp-block-group-is-layout-flex\">\n<ul class=\"wp-block-list\">\n<li>18 Jahre und \u00e4lter      11,00 \u20ac<\/li>\n\n\n\n<li>17 Jahre und j\u00fcnger     9,00 \u20ac<\/li>\n\n\n\n<li>Kinderlauf                   3,00 \u20ac<\/li>\n<\/ul>\n<\/div>\n\n\n\n<p><\/p>\n","protected":false},"excerpt":{"rendered":"<p>21. Sparkassen-Diekseelauf Sonntag, 09.August 2026 Strecken: Start- \/ Zielbereich: Malenter Diekseepromenade Zeitplan: Ab 8:30 Uhr Ausgabe der Startunterlagen Ab 12:30 Uhr Siegerehrungen Wertung: Walking\/Wandern, Jedermannlauf, Kinderlauf werden als Gesamtliste, getrennt nach m\u00e4nnlichen und weiblichen Teilnehmern gewertet. Diekseelauf (11,5 km): Altersklassen nach DLV-Vorgaben und Gesamtwertung Eine Wertung ist nur m\u00f6glich, wenn die Startnummer vorne sichtbar ist. [&hellip;]<\/p>\n","protected":false},"author":3,"featured_media":116,"parent":0,"menu_order":10,"comment_status":"closed","ping_status":"closed","template":"","meta":{"footnotes":""},"class_list":["post-13","page","type-page","status-publish","has-post-thumbnail","czr-hentry"],"_links":{"self":[{"href":"https:\/\/www.diekseelauf.de\/index.php?rest_route=\/wp\/v2\/pages\/13","targetHints":{"allow":["GET"]}}],"collection":[{"href":"https:\/\/www.diekseelauf.de\/index.php?rest_route=\/wp\/v2\/pages"}],"about":[{"href":"https:\/\/www.diekseelauf.de\/index.php?rest_route=\/wp\/v2\/types\/page"}],"author":[{"embeddable":true,"href":"https:\/\/www.diekseelauf.de\/index.php?rest_route=\/wp\/v2\/users\/3"}],"replies":[{"embeddable":true,"href":"https:\/\/www.diekseelauf.de\/index.php?rest_route=%2Fwp%2Fv2%2Fcomments&post=13"}],"version-history":[{"count":49,"href":"https:\/\/www.diekseelauf.de\/index.php?rest_route=\/wp\/v2\/pages\/13\/revisions"}],"predecessor-version":[{"id":327,"href":"https:\/\/www.diekseelauf.de\/index.php?rest_route=\/wp\/v2\/pages\/13\/revisions\/327"}],"wp:featuredmedia":[{"embeddable":true,"href":"https:\/\/www.diekseelauf.de\/index.php?rest_route=\/wp\/v2\/media\/116"}],"wp:attachment":[{"href":"https:\/\/www.diekseelauf.de\/index.php?rest_route=%2Fwp%2Fv2%2Fmedia&parent=13"}],"curies":[{"name":"wp","href":"https:\/\/api.w.org\/{rel}","templated":true}]}}